 base 4, what is 3 - -1220?
1223
In base 15, what is -18 + 16?
-2
In base 8, what is 44 + 5?
51
In base 5, what is 113 + 12?
130
In base 12, what is -8144 - 1?
-8145
In base 16, what is -23 + -40?
-63
In base 15, what is 5 - 189?
-184
In base 3, what is 10 + -1211?
-1201
In base 12, what is 6 - b?
-5
In base 9, what is -105 + -1?
-106
In base 13, what is 837 + -4?
833
In base 13, what is 25 - -192?
1b7
In base 6, what is 1 - 140?
-135
In base 16, what is 49 + 2?
4b
In base 12, what is -6 - 46?
-50
In base 15, what is -1a + 3?
-17
In base 11, what is -481 + 2?
-47a
In base 9, what is -313 + -5?
-318
In base 13, what is -21 - 4?
-25
In base 7, what is 54 + -25?
26
In base 8, what is 15 - 32?
-15
In base 4, what is 321 - 300?
21
In base 16, what is 3 - -535?
538
In base 13, what is c - -4?
13
In base 16, what is -ea + 0?
-ea
In base 9, what is 13 - 30?
-16
In base 14, what is 59b + 2?
59d
In base 13, what is -1a - -2?
-18
In base 7, what is 53 - -232?
315
In base 6, what is 30 + 20?
50
In base 14, what is -3 - 24c?
-251
In base 4, what is -11 - 1311?
-1322
In base 3, what is -10200 + 10?
-10120
In base 14, what is 3 - 1160?
-115b
In base 2, what is -1000011 + 100001?
-100010
In base 2, what is -100101101 + 0?
-100101101
In base 2, what is -100111011 - 0?
-100111011
In base 11, what is 5 + 1725?
172a
In base 2, what is 1 - 1111100?
-1111011
In base 9, what is 8 + 71?
80
In base 13, what is 130 - 5?
128
In base 9, what is -107 - -1?
-106
In base 7, what is -530 + -2?
-532
In base 16, what is -34 - a?
-3e
In base 13, what is -8c95 + -2?
-8c97
In base 2, what is 1 + -11000101?
-11000100
In base 6, what is -4213 + 4?
-4205
In base 12, what is 10 + 12?
22
In base 15, what is 4 + -141?
-13c
In base 3, what is -21 + -1011211?
-1012002
In base 12, what is -39 - 56?
-93
In base 6, what is -104 + -113?
-221
In base 11, what is 3 + 1780?
1783
In base 3, what is -1 - 1211120?
-1211121
In base 15, what is 78 - c?
6b
In base 10, what is -4 + -7?
-11
In base 6, what is -255 - 0?
-255
In base 12, what is -292 - -25?
-269
In base 6, what is -520 + -321?
-1241
In base 16, what is 5e + 4a?
a8
In base 6, what is -100 - 4?
-104
In base 6, what is 43011 + 2?
43013
In base 9, what is 5 - 1703?
-1687
In base 2, what is -10 - -1010111?
1010101
In base 6, what is 5 + 1423?
1432
In base 13, what is -3 + -9b?
-a1
In base 6, what is 1 - -2321?
2322
In base 15, what is -2c - 7?
-34
In base 11, what is 865 + 1?
866
In base 3, what is 2200 - -112?
10012
In base 8, what is -135 + -24?
-161
In base 13, what is -64 + -2?
-66
In base 15, what is -14 - -48?
34
In base 14, what is -2 - -26d?
26b
In base 10, what is 47 - -258?
305
In base 15, what is 3d - 0?
3d
In base 8, what is -471 - -2?
-467
In base 8, what is 22660 + -1?
22657
In base 6, what is 315 - 3?
312
In base 12, what is -14 + -92?
-a6
In base 14, what is 0 - -a1?
a1
In base 16, what is -13 - 9?
-1c
In base 5, what is -2 - -4034?
4032
In base 10, what is -3 - 1139?
-1142
In base 6, what is -1 - 254?
-255
In base 9, what is 1020 - -17?
1037
In base 13, what is 2 + -51?
-4c
In base 12, what is 43 + 11?
54
In base 4, what is -1230120 + 11?
-1230103
In base 15, what is 34 - -90?
c4
In base 10, what is 14 - 206?
-192
In base 6, what is 5 + -34231?
-34222
In base 11, what is -4 - -36?
32
In base 3, what is -11200 + -112?
-12012
In base 16, what is -47e + 5?
-479
In base 7, what is -3 + 13361?
13355
In base 9, what is -158 + -4?
-163
In base 8, what is 203 + 33?
236
In base 3, what is 1 + -12200?
-12122
In base 12, what is -138 - 16?
-152
In base 14, what is -459c - 4?
-45a2
In base 12, what is 6 - -b?
15
In base 2, what is 101101 - -101?
110010
In base 2, what is -11 - 110?
-1001
In base 2, what is 10010 + 110111101?
111001111
In base 11, what is -123 - 1?
-124
In base 8, what is 1137 - 56?
1061
In base 7, what is -212 - -132?
-50
In base 12, what is 7 - 9?
-2
In base 16, what is 1 + e5f?
e60
In base 7, what is 2604 - -5?
2612
In base 4, what is -1 + -33?
-100
In base 13, what is -1452 + -5?
-1457
In base 11, what is -4 - -59?
55
In base 11, what is -254 + 40?
-214
In base 16, what is 1925 + 1?
1926
In base 9, what is -8 + -311?
-320
In base 10, what is 3 + 261?
264
In base 13, what is -1691 - 4?
-1695
In base 10, what is 2 + -907?
-905
In base 5, what is -3 + 242220?
242212
In base 6, what is 10552 + 2?
10554
In base 2, what is 10110 - 11101?
-111
In base 8, what is 52 - -5?
57
In base 10, what is 0 + 208?
208
In base 7, what is -50 + 400?
320
In base 13, what is -b9 + 3?
-b6
In base 13, what is -119b - 2?
-11a0
In base 3, what is 2 + 11211?
11220
In base 4, what is -32221 - -11?
-32210
In base 3, what is -22200 + 121?
-22002
In base 14, what is 8 + -6?
2
In base 15, what is -3 + -7?
-a
In base 15, what is 4 - -42?
46
In base 10, what is -5 + -135?
-140
In base 7, what is 1256 + -2?
1254
In base 11, what is -1 - -8aa?
8a9
In base 15, what is 5a - 1?
59
In base 13, what is -3 - 3576?
-3579
In base 11, what is 0 + 170?
170
In base 15, what is 1a60 + 4?
1a64
In base 11, what is -110 - 3?
-113
In base 16, what is -9c + -2?
-9e
In base 4, what is -13320031 - -10?
-13320021
In base 6, what is -3 - -5454?
5451
In base 3, what is 1 + 2110?
2111
In base 13, what is -15 + 231?
219
In base 12, what is -1a - -9?
-11
In base 8, what is -105 - 4?
-111
In base 8, what is 11 + -11?
0
In base 7, what is -130 + -10?
-140
In base 4, what is 321123 - 1?
321122
In base 10, what is -1 - 5770?
-5771
In base 9, what is 58 + 3?
62
In base 9, what is -2 - -3538?
3536
In base 11, what is 19 + 22?
40
In base 6, what is -3 + -1020?
-1023
In base 14, what is 202 - -4?
206
In base 16, what is -13d + 1?
-13c
In base 16, what is 0 - -c0?
c0
In base 2, what is 100 - 10010?
-1110
In base 10, what is 48 + 0?
48
In base 3, what is 220 + -200?
20
In base 13, what is 5 + -138?
-133
In base 4, what is -122310 + 10?
-122300
In base 6, what is 1243 + 0?
1243
In base 15, what is 5d + 1?
5e
In base 4, what is 10 + 33223?
33233
In base 14, what is -6 + 1?
-5
In base 8, what is 5 + 1512?
1517
In base 15, what is 10 + -66?
-56
In base 2, what is -1 + -11011111?
-11100000
In base 14, what is -5 + -a3?
-a8
In base 10, what is 90 - -7?
97
In base 9, what is -2 + 13?
11
In base 9, what is 0 - 0?
0
In base 3, what is 12 - -10?
22
In base 16, what is -1 - 802?
-803
In base 3, what is 10 - 120?
-110
In base 11, what is 55 - 8?
48
In base 14, what is 0 + -a?
-a
In base 16, what is -4c9 - 4?
-4cd
In base 4, what is 33 - -10?
103
In base 13, what is -308 - 3?
-30b
In base 11, what is 5 + 151?
156
In base 13, what is 1b + 29?
47
In base 6, what is -2 - 1252?
-1254
In base 11, what is -16 - 9a?
-105
In base 9, what is -537 - -4?
-533
In base 5, what is 1343 - 412?
431
In base 12, what is 55b + -1?
55a
In base 11, what is -435 + 1?
-434
In base 14, what is -1 - -343?
342
In base 6, what is -52 - -54?
2
In base 7, what is 645 + -2?
643
In base 8, what is 2 - 7115?
-7113
In base 10, what is -895 + -7?
-902
In base 13, what is -1 + 17?
16
In base 4, what is 21032 - 1?
21031
In base 9, what is -124 - -15?
-108
In base 7, what is 10431 + 3?
10434
In base 6, what is -4 - -5405?
5401
In base 14, what is -13 + -127?
-13a
In base 11, what is 12 + 25?
37
In base 6, what is 1004 + 51?
1055
In base 15, what is -16db - 5?
-16e1
In base 12, what is -4 - -17?
13
In base 8, what is -523 - 24?
-547
In base 3, what is -1121020 + 10?
-1121010
In base 12, what is -19 - -91?
74
In base 9, what is 3 + -87?
-84
In base 4, what is 222 - 110?
112
In base 16, what is -9f8 - -3?
-9f5
In base 8, what is 4 + 15?
21
In base 10, what is 90 - 8?
82
In base 3, what is 2 - 1002101?
-1002022
In base 13, what is 267 - 2?
265
In base 12, what is 1 - 464?
-463
In base 15, what is -2 + -5?
-7
In base 3, what is -1011221012 - -2?
-1011221010
In base 15, what is 11 + -5?
b
In base 2, what is -101110 + -10010?
-1000000
In base 9, what is 2 + -2130?
-2127
In base 12, what is 8 - 1421?
-1415
In base 15, what is 5 - 20?
-1a
In base 5, what is 111013 - 0?
111013
In base 9, what is -35 - -22?
-13
In base 6, what is 3 - -241?
244
In base 12, what is -5 - -94?
8b
In base 2, what is -10 + -1011110?
-1100000
In base 9, what is -32 - -453?
421
In base 13, what is -349 + -3?
-34c
In base 7, what is 330 - -41?
401
In base 4, what is 11